3, what is -3a34a - 32?
-3a37c
In base 15, what is 4 + 28ebb9?
28ebbd
In base 12, what is 5a55a + -8?
5a552
In base 15, what is -35a9917 + 2?
-35a9915
In base 13, what is -4855 + -875?
-53ca
In base 5, what is -202024221 + -2132?
-202031403
In base 11, what is -41606a0 + -7?
-41606a7
In base 6, what is 11 - -10542354200?
10542354211
In base 13, what is a78 + 5113?
5b8b
In base 5, what is 2 - 433420421?
-433420414
In base 16, what is 46cf + f1?
47c0
In base 15, what is d0ec - 5a?
d092
In base 10, what is 8 + 13485?
13493
In base 5, what is 334 + -101142204?
-101141320
In base 2, what is -10 + 110111111110100101101101?
110111111110100101101011
In base 5, what is 11423213 - -220442?
12144210
In base 12, what is 11 - -9278b88?
9278b99
In base 3, what is 100102110122 + -22111?
100102011011
In base 5, what is -3112 - -2423044?
2414432
In base 15, what is 4dc395 - -a?
4dc3a0
In base 6, what is 352511531 - -52?
352512023
In base 7, what is 3005556 - 2051?
3003505
In base 12, what is a - 19ab80?
-19ab72
In base 16, what is -81 - ba0ed?
-ba16e
In base 3, what is 11 + -102201221110?
-102201221022
In base 13, what is -169930a1 + -1?
-169930a2
In base 3, what is 2 - 2001121111022210?
-2001121111022201
In base 5, what is 100314 + -101021?
-202
In base 12, what is 18 + 161180b?
1611827
In base 6, what is -3051 + -5555?
-13050
In base 14, what is -22 + 179bd?
1799b
In base 5, what is -20 - -3101302332?
3101302312
In base 12, what is 1230b + 2626?
14935
In base 12, what is -9a - 182a2?
-18380
In base 13, what is 9 - -124ca37?
124ca43
In base 15, what is -1a + -14d9c87?
-14d9ca2
In base 9, what is -2477 - -3021?
433
In base 12, what is 1591 - -9634?
b005
In base 4, what is -1200231111222 + -11?
-1200231111233
In base 3, what is 201211010102120 - 12?
201211010102101
In base 10, what is -1002776097 + -3?
-1002776100
In base 7, what is 503650411 + 64?
503650505
In base 11, what is -1040a69 + 9?
-1040a60
In base 9, what is 3 - -17235344?
17235347
In base 12, what is -342188 + 58?
-342130
In base 9, what is -3683425 + 25?
-3683400
In base 16, what is 138 - -99c0c?
99d44
In base 11, what is 2818429 - 15?
2818414
In base 13, what is -77259 - -237?
-77022
In base 10, what is 156 - 27548?
-27392
In base 4, what is 103320020 - 112322?
103201032
In base 16, what is 32 - 4d9c1?
-4d98f
In base 12, what is 12 + -5349117?
-5349105
In base 3, what is 220 - -22222202022?
22222210012
In base 3, what is 2111102101122 - -20?
2111102101212
In base 16, what is -12 + -1fb5?
-1fc7
In base 10, what is -42623 - -233?
-42390
In base 6, what is 12445241 - 200?
12445041
In base 6, what is -3015 + -120400?
-123415
In base 2, what is 110011110 - -1000111000000010?
1000111110100000
In base 10, what is 31543 + -591?
30952
In base 5, what is -24343 - -1011220?
431322
In base 9, what is -6 + -132483531?
-132483537
In base 10, what is 9 + 5767285?
5767294
In base 13, what is -2005 - 8bc?
-28c4
In base 12, what is 335476b + -4?
3354767
In base 13, what is 1 + -183baba3?
-183baba2
In base 5, what is 4431432 + 1222?
4433204
In base 7, what is 15415 - -12541?
31256
In base 5, what is 412112 - 1214?
410343
In base 5, what is 323343 + -3311?
320032
In base 6, what is 10 - 134040514?
-134040504
In base 8, what is -61 + -516743?
-517024
In base 7, what is -11620210 - 263?
-11620503
In base 4, what is 10203 - -31302302?
31313111
In base 7, what is -225466431 - 5?
-225466436
In base 3, what is -10 + -10012022120002212?
-10012022120002222
In base 15, what is 29a6b + 39?
29aa5
In base 15, what is 2 - -29e6c33?
29e6c35
In base 2, what is 1011010001100111 - -11001110111?
1011101011011110
In base 14, what is -28cc - 217?
-2b05
In base 7, what is 14441 - -1206?
15650
In base 9, what is 134 - -233752?
233886
In base 12, what is 6 - 29a7383b?
-29a73835
In base 12, what is 0 - -30939790?
30939790
In base 3, what is 221201021121122 - -12?
221201021121211
In base 4, what is -1221202 - 130022?
-2011230
In base 2, what is 11100101000101 - -1110011110?
11110011100011
In base 13, what is 5bc547 - 9c?
5bc478
In base 10, what is 217575106 - -5?
217575111
In base 13, what is 403c438a - -1?
403c438b
In base 10, what is 5300972 - -2?
5300974
In base 5, what is 21334322233 - -4?
21334322242
In base 11, what is -1 + -10759080?
-10759081
In base 2, what is -101010100100101000111010 + 100101?
-101010100100101000010101
In base 2, what is 11010001000111000 - 110001?
11010001000000111
In base 5, what is -3320343404 + -10?
-3320343414
In base 10, what is -4 + -11787620?
-11787624
In base 15, what is -2a1e7 - -9?
-2a1dd
In base 7, what is -3631 + -100?
-4031
In base 10, what is 8505 + 7?
8512
In base 9, what is 2170055537 + -4?
2170055533
In base 6, what is -20323 + -31123?
-51450
In base 12, what is -25b589a9 + 2?
-25b589a7
In base 8, what is 525 - 163264?
-162537
In base 6, what is -2 - -1223320545?
1223320543
In base 9, what is 376 - -658040?
658426
In base 10, what is 2217808 + -6?
2217802
In base 14, what is 389670 + -5?
389669
In base 5, what is 0 - -430332232002?
430332232002
In base 14, what is 146787 + -15?
146772
In base 15, what is 26e543 - 3?
26e540
In base 13, what is 12622 - 640?
11cb2
In base 4, what is -3130302223311 - -2?
-3130302223303
In base 7, what is 151501 + 206?
152010
In base 11, what is -a866 + -8510?
-18276
In base 2, what is -10 - -101110110110110000000000?
101110110110101111111110
In base 12, what is -a8 + 31831?
31745
In base 13, what is 1164c8b - 7?
1164c84
In base 4, what is -22203203202301 - 3?
-22203203202310
In base 15, what is -12 - 1807c18?
-1807c2a
In base 8, what is -6246 - -11070?
2622
In base 7, what is 31006 - -2664?
34003
In base 16, what is -31a8ee + -95?
-31a983
In base 11, what is 2 + -6a38668?
-6a38666
In base 4, what is -300 + -12230102002?
-12230102302
In base 4, what is 120 + -132230032121?
-132230032001
In base 3, what is -112 + 120012221211?
120012221022
In base 16, what is 40037a7e - -4?
40037a82
In base 8, what is 30614312 + -1?
30614311
In base 15, what is -240 - -69e0?
67a0
In base 12, what is 3 - 1b8b050?
-1b8b049
In base 15, what is -22 - a87?
-aa9
In base 8, what is -160 + -2417342?
-2417522
In base 12, what is -1367 + bb7?
-370
In base 8, what is 11 - -5334425?
5334436
In base 7, what is 11465 - 220156?
-205361
In base 13, what is -bcc7 + -18a0?
-10897
In base 7, what is -61114442 - -11?
-61114431
In base 10, what is -26 + 90173?
90147
In base 4, what is 1301 - -2323230102?
2323232003
In base 9, what is -216621855 + -3?
-216621858
In base 9, what is -2482535 - -4?
-2482531
In base 10, what is 0 - -17065731?
17065731
In base 5, what is -3 - -210421223?
210421220
In base 12, what is 368 - 8041?
-7895
In base 16, what is 3 - -c795c5?
c795c8
In base 14, what is -39ba1c5 + 4?
-39ba1c1
In base 10, what is -241694 + -864?
-242558
In base 4, what is -3303223200332 + 11?
-3303223200321
In base 12, what is 60 + -196612?
-196572
In base 3, what is -11112200221 + -120?
-11112201111
In base 9, what is -3506 - 4100?
-7606
In base 16, what is -1c - 129039?
-129055
In base 13, what is 7 + -2814c6?
-2814bc
In base 16, what is 85f + 1b1f?
237e
In base 4, what is -10323 + 1101320?
1030331
In base 8, what is -232 - 2677?
-3131
In base 11, what is 2 - -137a8919?
137a8920
In base 16, what is -3d396 + 163?
-3d233
In base 8, what is -3 + -241312334?
-241312337
In base 11, what is 33838 - -3338?
37075
In base 7, what is 0 - -63532030?
63532030
In base 16, what is 3 + -fe51ec?
-fe51e9
In base 14, what is 8d - 25a1?
-2512
In base 9, what is -168 + 357630?
357451
In base 6, what is -1330255513 - -103?
-1330255410
In base 7, what is -15 + 263323541?
263323523
In base 16, what is 3e43a - 3?
3e437
In base 12, what is 524224a8 - -4?
524224b0
In base 10, what is 55 + 1141226?
1141281
In base 12, what is 1453413 + -101?
1453312
In base 12, what is 5701414 + -5?
570140b
In base 11, what is 7142655 + 2?
7142657
In base 7, what is -2 + -556402155?
-556402160
In base 10, what is -5936742 + -6?
-5936748
In base 5, what is -33 + -1424132231?
-1424132314
In base 13, what is 23 + c1bcb5?
c1c008
In base 11, what is 360816 + -18?
3607a9
In base 5, what is -10 - 2202310333?
-2202310343
In base 7, what is 53324650 + -6?
53324641
In base 15, what is 1ba + 15c639?
15c804
In base 6, what is 153404 - -12101?
205505
In b